{"id":132,"date":"2019-05-10T20:34:21","date_gmt":"2019-05-10T18:34:21","guid":{"rendered":"http:\/\/www.ramrom.org\/nolose\/blog\/?page_id=132"},"modified":"2019-05-11T11:52:04","modified_gmt":"2019-05-11T09:52:04","slug":"milagros-de-amor-2","status":"publish","type":"page","link":"http:\/\/www.ramrom.org\/nolose\/blog\/milagros-de-amor-2\/","title":{"rendered":"Milagros de amor"},"content":{"rendered":"\t\t<div data-elementor-type=\"wp-post\" data-elementor-id=\"132\" class=\"elementor elementor-132\">\n\t\t\t\t\t\t<div class=\"elementor-inner\">\n\t\t\t\t<div class=\"elementor-section-wrap\">\n\t\t\t\t\t\t\t\t\t<section class=\"elementor-section elementor-top-section elementor-element elementor-element-3ba461f elementor-section-boxed elementor-section-height-default elementor-section-height-default\" data-id=\"3ba461f\" data-element_type=\"section\">\n\t\t\t\t\t\t<div class=\"elementor-container elementor-column-gap-default\">\n\t\t\t\t\t\t\t<div class=\"elementor-row\">\n\t\t\t\t\t<div class=\"elementor-column elementor-col-100 elementor-top-column elementor-element elementor-element-14af870\" data-id=\"14af870\" data-element_type=\"column\">\n\t\t\t<div class=\"elementor-column-wrap elementor-element-populated\">\n\t\t\t\t\t\t\t<div class=\"elementor-widget-wrap\">\n\t\t\t\t\t\t<div class=\"elementor-element elementor-element-c2be24b elementor-button-info elementor-align-right elementor-widget elementor-widget-button\" data-id=\"c2be24b\" data-element_type=\"widget\" data-widget_type=\"button.default\">\n\t\t\t\t<div class=\"elementor-widget-container\">\n\t\t\t\t\t<div class=\"elementor-button-wrapper\">\n\t\t\t<a href=\"http:\/\/www.ramrom.org\/nolose\/blog\/historia-3\/#milagros\" class=\"elementor-button-link elementor-button elementor-size-xs\" role=\"button\">\n\t\t\t\t\t\t<span class=\"elementor-button-content-wrapper\">\n\t\t\t\t\t\t\t<span class=\"elementor-button-icon elementor-align-icon-left\">\n\t\t\t\t\t\t\t\t\t<i class=\"fa fa-arrow-circle-left\" aria-hidden=\"true\"><\/i>\n\t\t\t\t\t\t\t<\/span>\n\t\t\t\t\t\t<span class=\"elementor-button-text\">Volver<\/span>\n\t\t<\/span>\n\t\t\t\t\t<\/a>\n\t\t<\/div>\n\t\t\t\t<\/div>\n\t\t\t\t<\/div>\n\t\t\t\t\t\t<\/div>\n\t\t\t\t\t<\/div>\n\t\t<\/div>\n\t\t\t\t\t\t\t\t<\/div>\n\t\t\t\t\t<\/div>\n\t\t<\/section>\n\t\t\t\t<section class=\"elementor-section elementor-top-section elementor-element elementor-element-5a08f198 elementor-section-boxed elementor-section-height-default elementor-section-height-default\" data-id=\"5a08f198\" data-element_type=\"section\">\n\t\t\t\t\t\t<div class=\"elementor-container elementor-column-gap-default\">\n\t\t\t\t\t\t\t<div class=\"elementor-row\">\n\t\t\t\t\t<div class=\"elementor-column elementor-col-100 elementor-top-column elementor-element elementor-element-f15e9ad\" data-id=\"f15e9ad\" data-element_type=\"column\">\n\t\t\t<div class=\"elementor-column-wrap elementor-element-populated\">\n\t\t\t\t\t\t\t<div class=\"elementor-widget-wrap\">\n\t\t\t\t\t\t<div class=\"elementor-element elementor-element-1ac4eca4 elementor-widget elementor-widget-text-editor\" data-id=\"1ac4eca4\" data-element_type=\"widget\" data-settings=\"{&quot;_animation&quot;:&quot;none&quot;}\" data-widget_type=\"text-editor.default\">\n\t\t\t\t<div class=\"elementor-widget-container\">\n\t\t\t\t\t\t\t\t<div class=\"elementor-text-editor elementor-clearfix\">\n\t\t\t\t<p><!-- wp:image {\"id\":15,\"width\":150,\"height\":150} --><!-- \/wp:image --><!-- wp:paragraph --><\/p>\n<p><img loading=\"lazy\" class=\"alignnone size-medium wp-image-15\" src=\"http:\/\/www.ramrom.org\/nolose\/blog\/wp-content\/uploads\/2019\/05\/portada-milagros-300x300.jpg\" alt=\"\" width=\"300\" height=\"300\"> <\/p>\n<p>Grabado en Quarzo, Madrid del 5 al 11 de Diciembre de1989.<\/p>\n<p><!-- \/wp:paragraph --><!-- wp:heading {\"level\":4} --><\/p>\n<h4>Cr\u00e9ditos<\/h4>\n<p><!-- \/wp:heading --><!-- wp:paragraph --><\/p>\n<p>Ram\u00f3n: Voz,Bajo,Synte y Vocecillas <br>Miguel Alberto: Guitarras y Voces <br>Phalin: Bater\u00eda y Voces <br><br>Javier Paxari\u00f1o: Saxo <br>Jus\u00fas Pardo: Synte en \u00abMaldito progreso\u00bb <br><br>Productor: Jes\u00fas Pardo <br>Editado por F.P. Records, Barcelona. <br>Producido por No lo s\u00e9!, Natalia Kim, Pepe Cera y F.P. Records. <br>Dise\u00f1o: Pepe Aleman <br>Fotograf\u00eda: Pepe Cera<\/p>\n<p><!-- \/wp:paragraph --><!-- wp:heading {\"level\":4} --><\/p>\n<h4>Temas<\/h4>\n<p><!-- \/wp:heading --><!-- wp:paragraph --><\/p>\n<p>1.Distracci\u00f3n 02:59 <br>2.Es un d\u00eda cualquiera 02:24 <br>3.Sola 02:20 <br>4.Milagros de amor 03:07 <br>5.Hermanos extra\u00f1os 03:35 <br>6.Maldito progreso 04:18 <br>7.Tras la luz 03:01 <br>8.Mirando hacia atr\u00e1s con ira 02:56 <br>9.Peque\u00f1o momento 02:38 <br>10.Show-e!!! 03:09 <br>11.Ciego en Gazza 02:54<\/p>\n<p><!-- \/wp:paragraph --><\/p>\t\t\t\t\t<\/div>\n\t\t\t\t\t\t<\/div>\n\t\t\t\t<\/div>\n\t\t\t\t\t\t<\/div>\n\t\t\t\t\t<\/div>\n\t\t<\/div>\n\t\t\t\t\t\t\t\t<\/div>\n\t\t\t\t\t<\/div>\n\t\t<\/section>\n\t\t\t\t\t\t\t\t\t<\/div>\n\t\t\t<\/div>\n\t\t\t\t\t<\/div>\n\t\t","protected":false},"excerpt":{"rendered":"<p>Volver Grabado en Quarzo, Madrid del 5 al 11 de Diciembre de1989. Cr\u00e9ditos Ram\u00f3n: Voz,Bajo,Synte y Vocecillas Miguel Alberto: Guitarras y Voces Phalin: Bater\u00eda y Voces Javier&hellip; <span class=\"read-more\"><a class=\"more-link\" href=\"http:\/\/www.ramrom.org\/nolose\/blog\/milagros-de-amor-2\/\" rel=\"bookmark\">Leer m\u00e1s <span class=\"screen-reader-text\">\u00abMilagros de amor\u00bb<\/span><\/a><\/span><\/p>\n","protected":false},"author":1,"featured_media":0,"parent":0,"menu_order":0,"comment_status":"closed","ping_status":"closed","template":"page-templates\/template-full-width.php","meta":[],"_links":{"self":[{"href":"http:\/\/www.ramrom.org\/nolose\/blog\/wp-json\/wp\/v2\/pages\/132"}],"collection":[{"href":"http:\/\/www.ramrom.org\/nolose\/blog\/wp-json\/wp\/v2\/pages"}],"about":[{"href":"http:\/\/www.ramrom.org\/nolose\/blog\/wp-json\/wp\/v2\/types\/page"}],"author":[{"embeddable":true,"href":"http:\/\/www.ramrom.org\/nolose\/blog\/wp-json\/wp\/v2\/users\/1"}],"replies":[{"embeddable":true,"href":"http:\/\/www.ramrom.org\/nolose\/blog\/wp-json\/wp\/v2\/comments?post=132"}],"version-history":[{"count":7,"href":"http:\/\/www.ramrom.org\/nolose\/blog\/wp-json\/wp\/v2\/pages\/132\/revisions"}],"predecessor-version":[{"id":279,"href":"http:\/\/www.ramrom.org\/nolose\/blog\/wp-json\/wp\/v2\/pages\/132\/revisions\/279"}],"wp:attachment":[{"href":"http:\/\/www.ramrom.org\/nolose\/blog\/wp-json\/wp\/v2\/media?parent=132"}],"curies":[{"name":"wp","href":"https:\/\/api.w.org\/{rel}","templated":true}]}}